 b(-22).
34
Let r = -50 - -70. What is the remainder when 76 is divided by r?
16
Suppose 0 = -4*w + 8. Suppose o = w*o - 53. Let d = o - 3. Calculate the remainder when d is divided by 13.
11
What is the remainder when 91 is divided by 46/(-2)*2/4*-2?
22
Let w = -32 - -50. Let s(y) = y**2 - 12*y + 22. Calculate the remainder when s(13) is divided by w.
17
Let a = 24 + -11. Calculate the remainder when 193 is divided by a.
11
Let w(q) = -q**3 + 10*q**2 - 10*q + 1. Calculate the remainder when 146 is divided by w(8).
48
Suppose 4*j = -4*y - 12, 4*y - 2*y - 2*j = 10. Calculate the remainder when (y - 3)/(4/(-8)) is divided by 3.
1
Let f be (0 + 1)*(2 - -2). Suppose -2*j + 10 = 2*x, 33 = x + f*x + 3*j. Suppose -6*s = -10*s + 68. Calculate the remainder when s is divided by x.
8
Suppose -x = -1 - 5. Calculate the remainder when 4/x - (-206)/6 is divided by ((-2 - -2) + 1)*12.
11
Let q = -65 - -104. Let b = q - 16. Calculate the remainder when 90 is divided by b.
21
Let r = 17 + -1. Calculate the remainder when 28 is divided by r.
12
Let s(x) = -2*x**2 + 3*x + 3. Suppose 9*o - 20 = 4*o, -5*g = -2*o - 27. Let f be s(g). Let t = -41 - f. Calculate the remainder when t is divided by 12.
9
Let q(k) = -k + 18. Let d be q(13). Suppose -4*x + 41 = b, -d*x + 33 + 22 = 5*b. Calculate the remainder when x is divided by 4.
2
Suppose 0 = 2*q - 4*q + 6. Suppose -65 = -5*z + 5*r, -q*z + 29 + 18 = -r. Calculate the remainder when z is divided by 6.
5
Suppose -113 = -2*p + 39. Let o(x) = -x**3 + 5*x**2 + 7*x - 1. Let d be o(6). Suppose d = 3*z - 73. Calculate the remainder when p is divided by z.
24
Suppose -5*j + 60 + 55 = 0. Calculate the remainder when j is divided by 9.
5
Let b = 23 + -13. Calculate the remainder when b is divided by 4*(-2)/6*-3.
2
Suppose m + 10 = -4*m. Let f(u) = u**3 + 3*u**2. Suppose 4*s + 24 = 8*s. Calculate the remainder when s is divided by f(m).
2
Let h = -85 + 139. Calculate the remainder when h is divided by 14.
12
Suppose -57 = -5*n - m, 11 = -4*n + 2*m + 51. What is the remainder when n is divided by ((-14)/6)/((-5)/15)?
4
Suppose -3*s = -g + 16, -19 = -5*g + 4*s + 6. Let f = 15 - 4. What is the remainder when g*-2 - 46/(-2) is divided by f?
10
Let q = 28 - -2. Calculate the remainder when q is divided by 8.
6
Suppose 0*o + 66 = 3*r + 2*o, 0 = 2*o + 6. Calculate the remainder when 94 is divided by r.
22
Suppose 187 = 4*c - 41. What is the remainder when c is divided by 15?
12
Let j(p) = -p**2 - 3*p + 3. Let v(h) = -h + 1. Let s(z) = -3*j(z) + 7*v(z). Calculate the remainder when s(-3) is divided by 5.
4
Let v(t) = t**2 + 4*t - 4. Let b(u) = -u + 2. What is the remainder when b(1) is divided by v(-5)?
0
Let l(r) = 5*r**3 - 3*r**2 + r + 2. Calculate the remainder when l(2) is divided by 9.
5
Let h = -17 + 38. Let z = 2 - -1. Suppose -3*s - 4*k = s - 160, -2*k - 125 = -z*s. Calculate the remainder when s is divided by h.
20
Let c(h) = -22*h - 10. What is the remainder when c(-4) is divided by 16?
14
Suppose -3*v = -3*g - 444, -2*g - 3*g = -2*v + 731. Let l = g + 206. What is the remainder when l is divided by 21?
19
Suppose 5*h = -3*s + 1 + 182, 4 = 4*s. Calculate the remainder when h is divided by 13.
10
Let o = 0 + 0. Suppose f + 2*f - 27 = o. Calculate the remainder when 16/(-1*1/(-1)) is divided by f.
7
Let r be ((-6)/(-1))/(0 + 2). Suppose r*g + 22 = 2*n, 5*g - 21 = -2*n + 17. Let d = 35 + -30. Calculate the remainder when n is divided by d.
4
What is the remainder when 110 is divided by 1188/42 - 2/7?
26
Suppose -3*j + 99 = 21. What is the remainder when 75 is divided by j?
23
Suppose 5*v = s + 632, -4*s = -2*v - 2*s + 256. Calculate the remainder when 25 is divided by ((-8)/6)/((-12)/v).
11
Let o = -18 + 12. Let l = o + 27. What is the remainder when 61 is divided by l?
19
Suppose 2*r - 159 = -r. Suppose -r = -4*s + 119. Calculate the remainder when s is divided by 15.
13
Let a = 46 - 33. What is the remainder when 62 is divided by a?
10
Let a(w) = -w**3 + 14*w**2 + w + 37. Calculate the remainder when a(14) is divided by 11.
7
Let d = 144 + -77. What is the remainder when d is divided by 35?
32
Suppose y = 4*g - 7, -3 + 0 = -3*y. Suppose 2*w - 3*f - 45 = -2*f, g*w - 4*f = 48. Calculate the remainder when w is divided by 8.
6
Let u be -76 - (1 - 2 - -2). Let s = -375 + 251. Let v = u - s. Calculate the remainder when v is divided by 12.
11
Let u be (-22)/18 + 4/18. Let r = u + 4. Suppose 2*j - r*j = -49. Calculate the remainder when j is divided by 17.
15
Let b = 149 - 38. Calculate the remainder when b is divided by 38.
35
Let q = 6 + 44. What is the remainder when q is divided by 26?
24
Let d be 2/(-13) + 93/13. Suppose -u + d = 5. Calculate the remainder when u is divided by 1.
0
Let a = 0 - -22. What is the remainder when a is divided by 7?
1
Let w = -14 + 20. What is the remainder when 20 is divided by w?
2
Suppose 2*l = 7*l - 30. Calculate the remainder when (-354)/(-10) + l/(-15) is divided by 12.
11
What is the remainder when 9 is divided by (-3)/1 + (0 - -9)?
3
Let r = 4 + -1. Suppose -r*v + 2*m + 65 = 22, 0 = -3*m - 6. Let n = -2 + 7. What is the remainder when v is divided by n?
3
Let g = -12 - -23. Calculate the remainder when 64 is divided by g.
9
Suppose -5*b - 20 = -4*u, -3*u + 4 = 4*b + 20. Suppose 0 = -u*v + 4*v - 32. Calculate the remainder when 23 is divided by v.
7
Suppose 4*s = 6*s - 4. Suppose -s*a + 3*a = 4. Suppose -a*q + 128 = 28. Calculate the remainder when q is divided by 13.
12
Suppose -74 = -3*j - 8. What is the remainder when 39 is divided by j?
17
Suppose -23 + 6 = -b. What is the remainder when b is divided by (-1)/(-2) - (-136)/16?
8
Let w = -65 + 74. Let c(f) = f**2 - 1. What is the remainder when c(4) is divided by w?
6
Suppose 6*b - b = -3*u + 58, 0 = -5*u + 4*b + 35. Let j(x) = 12*x**2 + 3*x. What is the remainder when j(-2) is divided by u?
9
Let j(u) = 2*u + 6. What is the remainder when j(0) is divided by 4?
2
Let k = -2 - -2. Let m(d) = d**3 + d + 11. What is the remainder when 20 is divided by m(k)?
9
Let z be 1/(1/1) - -3. Suppose -h - 24 = -3*j, -z*j + h + 42 = 3*h. Calculate the remainder when 17 is divided by j.
8
Suppose -6*y + 40 = -y. Calculate the remainder when (-21)/2*y/(-12) is divided by 5.
2
Let x = -57 - -107. Suppose q = -s + 10, 0*q = 3*q + 9. Calculate the remainder when x is divided by s.
11
Suppose -2*m - 5 = -109. Calculate the remainder when m is divided by 9.
7
Let r(p) = p**2 - 10*p + 4. Let f be r(9). Let h = 19 + f. What is the remainder when 41 is divided by h?
13
Let d = 0 + 4. Suppose -23 = -5*o + 3*f, d*f = 4*o - 18 + 6. What is the remainder when 20 is divided by o?
6
Let z(a) = 6*a - 6. Let g be z(5). Let i(x) = x - 1. Let p be i(-8). Let f = p + g. Calculate the remainder when 28 is divided by f.
13
Suppose -91 - 77 = -14*k. Calculate the remainder when 20 is divided by k.
8
Suppose 2*r - 9 = 5*o, 5*r - 2*o = o - 6. Let c = r + 9. What is the remainder when 22 is divided by c?
4
Suppose 8 = 3*u - 4. Suppose 28 = u*h - 4*v, 3*v + 6 = -h + 17. Calculate the remainder when 52 is divided by (54/h)/(9/24).
16
Let w = -20 + 22. Suppose 59 = 5*j + w*y, 3*j - y = -2*j + 53. Calculate the remainder when 43 is divided by j.
10
Suppose v = 5*i - 6*i + 33, 0 = 4*i - 5*v - 105. Let z = i + 3. Let b = -18 + z. What is the remainder when 43 is divided by b?
13
Let p(b) = 2*b**2 - 4*b + 2. Let n be p(4). Suppose 44 = 2*q - n. Suppose 19 = 5*z - 36. What is the remainder when q is divided by z?
9
Let w be (-4)/10 - (-10)/25. Suppose w = 2*f - 0 - 4. Suppose 52 = f*a - 52. Calculate the remainder when a is divided by 18.
16
Let g = -4 + 11. Calculate the remainder when g is divided by 2.
1
Let p = 0 - -3. Suppose -2*g = -p*b + 19, -5*b - g + 30 = -19. Let m(w) = 2*w**3 - 13*w**2 - 2*w - 2. What is the remainder when m(7) is divided by b?
6
Let c(y) = 3*y - 1. Let b be c(1). Let s(q) = 2*q + 12. Let l be s(-3). Suppose b*w + w = l. Calculate the remainder when 4 is divided by w.
0
Let i(u) = 5*u**2 + 2*u + 1. Let n be i(-1). Let b be 2/(3/(150/4)). Suppose -n*k - 2*j = -43 - b, 52 = 3*k + j. What is the remainder when k is divided by 10?
8
Let i be 2*(-7)/(7/(-2)). Suppose n + 3*q - 8 = 0, 5*q = -2*n + 11 + i. Calculate the remainder when n is divided by 3.
2
Let n be 